the prime factors of x.
2, 19
What are the prime factors of (461/2 - (-39)/(-26)) + 1?
2, 5, 23
Suppose -11*z + 9*z + 442 = 0. List the prime factors of z.
13, 17
Suppose 798 = 5*k - 57. Suppose 0 = 4*u - w - 705, -3*u - 3*w = -696 + k. Suppose -7*n = -3*n - u. List the prime factors of n.
2, 11
Let d = -5 - -11. Let i = 15 - d. Suppose -4*v = -i*v + 15. List the prime factors of v.
3
Suppose 0 = 8*m - 2430 - 578. List the prime factors of m.
2, 47
Suppose 0 = w - 2*w + 3. Suppose -5*s + 275 = w*y, -3*y - 3*s + 195 + 78 = 0. Let d = y + -46. List the prime factors of d.
2, 11
List the prime factors of 76/(1 + 3 + -2).
2, 19
List the prime factors of 3/((-15)/4) + 3063936/2370.
2, 17, 19
Let c(h) = -102*h**3 - 7*h**2 - 6*h. List the prime factors of c(-2).
2, 5
Suppose 2*z - 3*z - 16 = -5*q, 4*q = 4*z. Suppose z*f - 151 = 25. Suppose -5*t = -f - 11. What are the prime factors of t?
11
Let u(t) = 2*t + 6. Let h(p) = -p**3 - 18*p**2 - 18*p - 20. Let g be h(-17). Let b be u(g). Suppose -3*q + 48 + 42 = b. What are the prime factors of q?
2, 3, 5
Suppose 280*c - 5568 = 268*c. List the prime factors of c.
2, 29
Let y = 731 - 453. List the prime factors of y.
2, 139
Suppose -l - 2*l + 28 = 5*f, -4*f + 15 = -5*l. Suppose -f*u - n = -160, 0 = -u + 4*u - 2*n - 83. What are the prime factors of u?
31
Suppose 7*a = 9*a - 78. List the prime factors of (78/(-3))/((-2)/a*3).
13
Let k(w) = -3*w - 15. Let m be k(-16). Suppose m = a + v, a + 4*v - 26 = 19. Let p = a + 2. What are the prime factors of p?
31
Suppose 63*h - 601 = 62*h. What are the prime factors of h?
601
Let a(o) = 180*o - 29. List the prime factors of a(18).
13, 19
Let s be (-8)/48*15/(-2)*4. Suppose 280 = s*y - 60. List the prime factors of y.
2, 17
Let r = -1 + -5. Let n(t) = t**3 + 5*t**2 - 7*t - 1. Let z be n(r). Suppose 4*s + 23 = -3*a + 88, -a - z = -4*s. List the prime factors of a.
3, 5
Suppose -26*l + 21800 = -l. List the prime factors of l.
2, 109
Let n(t) = t**3 + 8*t**2 - 8*t - 2. Suppose -3*k + 8*k + 20 = 0. List the prime factors of n(k).
2, 47
Let a(m) = -2*m - 28. Let w be a(-16). Let g be 1*-2*2/(-1). Suppose 0*b + 4*b + 2*s = 38, g*s = -w. What are the prime factors of b?
2, 5
Suppose s + 4*s = 0. Suppose -2*h - 3*h = s. Suppose h*f - f = -2. What are the prime factors of f?
2
Let l = -12 + 46. Suppose 0 = 3*p + 4*t - 9*t - l, -2*t = p + 7. Suppose 5*j - 88 = 2*w, -5*j + 0*j + 68 = p*w. What are the prime factors of j?
2
Let q(p) = -99*p**3 - p**2 + p - 4. Let k(h) = -199*h**3 - 2*h**2 + h - 7. Let a(j) = 3*k(j) - 5*q(j). What are the prime factors of a(-1)?
2, 3, 17
Let f = 1373 + -525. List the prime factors of f.
2, 53
Let j(n) = -n**3 + n**2 + n + 12. Let k be j(0). Suppose 4*f - k = -2*f. Suppose f*d + 100 = 7*d. List the prime factors of d.
2, 5
Let r(t) = -t - 1. Let u be r(3). List the prime factors of (12/5)/(u + 22/5).
2, 3
Let k be 8*(1 - 3/(-4)). Let b = -6 + k. What are the prime factors of b?
2
Let c(g) = 4*g - 18*g - 61*g + 1 + 29*g. List the prime factors of c(-1).
47
Suppose 17 = -2*s + z, -s - z = -4*z + 11. Let o = 12 + s. Suppose -b + 0*b = -o*p + 76, b = -p + 19. List the prime factors of p.
19
Suppose -a - 3*a = -8. Suppose 0*l = -3*t - 5*l + 253, -99 = -t + a*l. List the prime factors of t.
7, 13
Let g be 10/(-30) - (-1)/3. Suppose g = -c + 5*t + 77, 2*c - t = -2*t + 176. List the prime factors of c.
3, 29
Let h be (-6)/12 - (-2 - (-519)/6). Let i = h - -143. What are the prime factors of i?
2, 29
Suppose -2*u + 5 = -3. Suppose 3*j + 5*x = 5*j - 146, -u*j - 2*x + 340 = 0. What are the prime factors of j?
83
Let q(i) = 21*i**3 + 13*i**2 - 23. What are the prime factors of q(5)?
2927
Let m(n) = -9*n**3 + 1. Let b = 10 + -9. Let g be m(b). What are the prime factors of (-18)/g*(-32)/(-3)?
2, 3
Let s(p) = -p**3 - 10*p**2 - 8*p + 14. Let z be s(-9). Suppose 2*i - 1070 = -z*h, 2*h - i - 63 - 365 = 0. What are the prime factors of h?
2, 107
Let n(o) = o**2 - 11*o. Let k(b) = 4*b**2 - 3*b + 2. Let s be k(2). List the prime factors of n(s).
2, 3
Let c(x) = x**3 + x**2 - x - 1. Let n(q) = 7*q**3 + 12*q**2 - 9. Let m(b) = 5*c(b) - n(b). What are the prime factors of m(-4)?
2, 5
Let i = 120 + -116. Suppose 0 = -h + 7 + 20. Suppose -i*f = -h - 61. List the prime factors of f.
2, 11
Let k(w) = 4*w + 1. Let j be k(4). Let i = j - 12. Suppose m = i - 3, -h - 5*m + 32 = 0. List the prime factors of h.
2, 11
Let y(p) = -p**2 + 8*p + 13. Let q be y(10). Let g be 6/2 + q + -4. List the prime factors of 21 + g/(2 + 0).
17
Let l be 33/(-99)*(-111)/(-2)*-2. Let a(c) = -c**2 - 3*c - 2. Let q be a(-6). Let p = q + l. List the prime factors of p.
17
Let d(u) = 64*u**2. Suppose 0 = j - q - 3, 0*j + 2*q + 7 = j. List the prime factors of d(j).
2
Let z be -4 - -8 - (4 + -3). Suppose -z*c + 60 = 15. What are the prime factors of c/(-5)*16/(-3)?
2
Suppose -3*d - 5*r = -23, -5 = r - 3. List the prime factors of d.
11
Suppose v = -4*v - 3*c, -v - 2*c - 7 = 0. List the prime factors of 514/6 - (2 + (-4)/v).
5, 17
List the prime factors of (5 + 85/(-10))*-66.
3, 7, 11
Let h = 18 - 13. Let i(m) = m**3 + 14*m**2 + 15*m - 36. Let u be i(-12). Suppose j = h*f + u, -5*j + 261 + 27 = -f. What are the prime factors of j?
3, 19
Let k(u) be the third derivative of 3*u**4/4 - 43*u**3/6 - 40*u**2. What are the prime factors of k(16)?
5, 7
Suppose 0*d = 3*x - 5*d - 32, 0 = d + 4. Suppose -x*p - 16 = -0*p. Let n(j) = j + 6. List the prime factors of n(p).
2
What are the prime factors of 8/12*60/(-8) - -1644?
11, 149
Suppose 0 = -91*q + 70*q + 44709. What are the prime factors of q?
2129
Let x be 5/(-15) + 5/(-3). Let f be -2 - (x - (-4 + 3)). What are the prime factors of (8/16)/(f/(-34))?
17
Let j = 16 - 14. Let r(z) = -j + 4*z - 15*z + 1 - 3. List the prime factors of r(-3).
29
Let c(p) = p**3 - 9*p**2 + 15*p - 1. Let v be c(7). Let f be (3/v)/(1/564). Suppose -5*u + d - 4*d + 302 = 0, 0 = -5*u + 2*d + f. List the prime factors of u.
2, 29
Suppose 3*b = -2*l - 3*l + 308, -5*l - 25 = 0. Suppose -f = 5*u - b, 44 = 3*u - 5*f - 45. Suppose 0 = -4*g + 95 - u. List the prime factors of g.
2, 3
Let b(i) = i**3 - 26*i**2 + 25*i + 5. Let d be b(25). Suppose -3*n = 5*x - 231, -d*n + 2*x = 4*x - 385. List the prime factors of n.
7, 11
What are the prime factors of (3/2 - 0)/(1194/1522748)?
1913
Suppose 5*o - 160 = -0*o. Let x = 23 - o. Let r = -3 - x. What are the prime factors of r?
2, 3
Let x = 13136 - 8773. What are the prime factors of x?
4363
Suppose 551 = c + 547. Suppose -3*f + 585 + 41 = -5*s, -415 = -2*f + s. Suppose b + f = c*b. What are the prime factors of b?
3, 23
Suppose 89 = -13*t - 899. Let v = t - -107. List the prime factors of v.
31
Let y(v) = 156*v**2 - 2*v + 1. What are the prime factors of y(2)?
3, 23
Let p(y) = 21*y + 1. Suppose 6 = 4*f - 6*f. Let k(d) = d + 4. Let l be k(f). What are the prime factors of p(l)?
2, 11
Let u be 1 - 1 - (6 + -6). Suppose -5*c + 55 = -u*c. List the prime factors of (8/(-4) - -1) + c.
2, 5
Let w(m) = 2*m**3 + m**2 - 2*m + 2. Let x be w(1). List the prime factors of 321/x*(-2)/(-2).
107
Suppose -6019 = -29*q + 8104. List the prime factors of q.
487
What are the prime factors of 4847 - (-12)/(-3)*1?
29, 167
Let a = 61 - 28. Suppose 30*s + 231 = a*s. List the prime factors of s.
7, 11
Let t(v) = -2*v**3 - 17*v**2 - 56*v - 54. List the prime factors of t(-10).
2, 13, 31
Suppose 3*j + 1787 = 3*z + 5*j, 0 = 5*z + 2*j - 2981. What are the prime factors of z?
3, 199
Suppose 3*l = -2*l. Suppose l = -m + 33 + 41. Suppose 3*j - 26 = -s, 3*s + 5*j = 5*s - m. What are the prime factors of s?
2
Suppose -5*z - 3*y + 1636 + 2457 = 0, 0 = 4*z + 5*y - 3264. List the prime factors of z.
821
Let d be (1164/8)/(7/(-14)). Let m = d - -587. What are the prime factors of m?
2, 37
Let b = -11 + 262. Suppose -3*o + b = 68. List the prime factors of o.
61
Suppose 3*c + 75 = -2*c. Let s = 28 - 25. What are the prime factors of (c*1)/s*-1?
5
Let h = 276 + -42. Suppose -4*o = -0*o + 628. Let k = h + o. What are the prime factors of k?
7, 11
Let r(f) = f - 3. Let j be r(19). Let q = 23 - j. List the prime factors of q.
7
What are the prime factors of -138*((-35)/(-14) + -7)?
3, 23
Let i(t) = t**2 - 7*t + 5. Let y be i(6). Let c(f) = -f + 0 - 3 + 2 + 32*f**2. List the prime factors of c